{"id":59,"date":"2020-04-15T18:52:08","date_gmt":"2020-04-15T18:52:08","guid":{"rendered":"http:\/\/websiegl.de\/?page_id=59"},"modified":"2020-04-15T18:52:08","modified_gmt":"2020-04-15T18:52:08","slug":"widerrufsformular","status":"publish","type":"page","link":"http:\/\/websiegl.de\/?page_id=59","title":{"rendered":"Widerrufsformular"},"content":{"rendered":"\n<p>Muster-Widerrufsformular<\/p>\n\n\n\n<p>(Wenn Sie den Vertrag widerrufen wollen, dann f\u00fcllen Sie bitte dieses Formular aus und senden Sie es zur\u00fcck.)<\/p>\n\n\n\n<p>&#8211; An<\/p>\n\n\n\n<p>Meike Fischer-Arndt<br>Spechbacher Stra\u00dfe 3<br>D-74927 Eschelbronn<br><br>E-MAIL-ADRESSE: info@klaras-obst.de<\/p>\n\n\n\n<p>&#8211; Hiermit widerrufe(n) ich\/wir den von mir\/uns abgeschlossenen Vertrag \u00fcber den Kauf der folgenden Waren :<\/p>\n\n\n\n<p>\u2026\u2026\u2026\u2026\u2026\u2026\u2026\u2026\u2026\u2026\u2026\u2026\u2026\u2026\u2026\u2026\u2026\u2026\u2026\u2026\u2026\u2026\u2026\u2026\u2026\u2026\u2026\u2026\u2026\u2026\u2026\u2026\u2026\u2026\u2026\u2026\u2026.<\/p>\n\n\n\n<p>\u2026\u2026\u2026\u2026\u2026\u2026\u2026\u2026\u2026\u2026\u2026\u2026\u2026\u2026\u2026\u2026\u2026\u2026\u2026\u2026\u2026\u2026\u2026\u2026\u2026\u2026\u2026\u2026\u2026\u2026\u2026\u2026\u2026\u2026\u2026\u2026\u2026.<\/p>\n\n\n\n<p>Bestellt am \/erhalten am\u2026\u2026\u2026\u2026\u2026\u2026\u2026\u2026\u2026\u2026\u2026\u2026\u2026\u2026\u2026\u2026\u2026\u2026\u2026\u2026\u2026\u2026\u2026\u2026\u2026\u2026\u2026..<\/p>\n\n\n\n<p>Name des\/der Verbraucher(s)\u2026\u2026\u2026\u2026\u2026\u2026\u2026\u2026\u2026\u2026\u2026\u2026\u2026\u2026\u2026\u2026\u2026\u2026\u2026\u2026\u2026\u2026\u2026\u2026\u2026..<\/p>\n\n\n\n<p>Anschrift des\/der Verbraucher(s)\u2026\u2026\u2026\u2026\u2026\u2026\u2026\u2026\u2026\u2026\u2026\u2026\u2026\u2026\u2026\u2026\u2026\u2026\u2026\u2026\u2026\u2026\u2026\u2026.<\/p>\n\n\n\n<p>Unterschrift des\/der Verbraucher(s) (nur bei Mitteilung auf Papier)\u2026\u2026\u2026\u2026\u2026\u2026\u2026\u2026\u2026\u2026&#8230;<\/p>\n\n\n\n<p>Datum,<\/p>\n","protected":false},"excerpt":{"rendered":"<p>Muster-Widerrufsformular (Wenn Sie den Vertrag widerrufen wollen, dann f\u00fcllen Sie bitte dieses Formular aus und senden Sie es zur\u00fcck.) &#8211; An Meike Fischer-ArndtSpechbacher Stra\u00dfe 3D-74927 Eschelbronn E-MAIL-ADRESSE: info@klaras-obst.de &#8211; Hiermit widerrufe(n) ich\/wir den von mir\/uns abgeschlossenen Vertrag \u00fcber den Kauf der folgenden Waren : \u2026\u2026\u2026\u2026\u2026\u2026\u2026\u2026\u2026\u2026\u2026\u2026\u2026\u2026\u2026\u2026\u2026\u2026\u2026\u2026\u2026\u2026\u2026\u2026\u2026\u2026\u2026\u2026\u2026\u2026\u2026\u2026\u2026\u2026\u2026\u2026\u2026. \u2026\u2026\u2026\u2026\u2026\u2026\u2026\u2026\u2026\u2026\u2026\u2026\u2026\u2026\u2026\u2026\u2026\u2026\u2026\u2026\u2026\u2026\u2026\u2026\u2026\u2026\u2026\u2026\u2026\u2026\u2026\u2026\u2026\u2026\u2026\u2026\u2026. Bestellt am \/erhalten am\u2026\u2026\u2026\u2026\u2026\u2026\u2026\u2026\u2026\u2026\u2026\u2026\u2026\u2026\u2026\u2026\u2026\u2026\u2026\u2026\u2026\u2026\u2026\u2026\u2026\u2026\u2026.. Name des\/der Verbraucher(s)\u2026\u2026\u2026\u2026\u2026\u2026\u2026\u2026\u2026\u2026\u2026\u2026\u2026\u2026\u2026\u2026\u2026\u2026\u2026\u2026\u2026\u2026\u2026\u2026\u2026.. Anschrift des\/der&hellip; <br \/> <a class=\"read-more\" href=\"http:\/\/websiegl.de\/?page_id=59\">Weiterlesen<\/a><\/p>\n","protected":false},"author":2,"featured_media":0,"parent":0,"menu_order":0,"comment_status":"closed","ping_status":"closed","template":"","meta":[],"_links":{"self":[{"href":"http:\/\/websiegl.de\/index.php?rest_route=\/wp\/v2\/pages\/59"}],"collection":[{"href":"http:\/\/websiegl.de\/index.php?rest_route=\/wp\/v2\/pages"}],"about":[{"href":"http:\/\/websiegl.de\/index.php?rest_route=\/wp\/v2\/types\/page"}],"author":[{"embeddable":true,"href":"http:\/\/websiegl.de\/index.php?rest_route=\/wp\/v2\/users\/2"}],"replies":[{"embeddable":true,"href":"http:\/\/websiegl.de\/index.php?rest_route=%2Fwp%2Fv2%2Fcomments&post=59"}],"version-history":[{"count":1,"href":"http:\/\/websiegl.de\/index.php?rest_route=\/wp\/v2\/pages\/59\/revisions"}],"predecessor-version":[{"id":60,"href":"http:\/\/websiegl.de\/index.php?rest_route=\/wp\/v2\/pages\/59\/revisions\/60"}],"wp:attachment":[{"href":"http:\/\/websiegl.de\/index.php?rest_route=%2Fwp%2Fv2%2Fmedia&parent=59"}],"curies":[{"name":"wp","href":"https:\/\/api.w.org\/{rel}","templated":true}]}}

<p>Muster-Widerrufsformular</p>



<p>(Wenn Sie den Vertrag widerrufen wollen, dann füllen Sie bitte dieses Formular aus und senden Sie es zurück.)</p>



<p>&#8211; An</p>



<p>Meike Fischer-Arndt<br>Spechbacher Straße 3<br>D-74927 Eschelbronn<br><br>E-MAIL-ADRESSE: info@klaras-obst.de</p>



<p>&#8211; Hiermit widerrufe(n) ich/wir den von mir/uns abgeschlossenen Vertrag über den Kauf der folgenden Waren :</p>



<p>………………………………………………………………………………………………….</p>



<p>………………………………………………………………………………………………….</p>



<p>Bestellt am /erhalten am………………………………………………………………………..</p>



<p>Name des/der Verbraucher(s)…………………………………………………………………..</p>



<p>Anschrift des/der Verbraucher(s)……………………………………………………………….</p>



<p>Unterschrift des/der Verbraucher(s) (nur bei Mitteilung auf Papier)…………………………&#8230;</p>



<p>Datum,</p>

<p>Muster-Widerrufsformular (Wenn Sie den Vertrag widerrufen wollen, dann füllen Sie bitte dieses Formular aus und senden Sie es zurück.) &#8211; An Meike Fischer-ArndtSpechbacher Straße 3D-74927 Eschelbronn E-MAIL-ADRESSE: info@klaras-obst.de &#8211; Hiermit widerrufe(n) ich/wir den von mir/uns abgeschlossenen Vertrag über den Kauf der folgenden Waren : …………………………………………………………………………………………………. …………………………………………………………………………………………………. Bestellt am /erhalten am……………………………………………………………………….. Name des/der Verbraucher(s)………………………………………………………………….. Anschrift des/der&hellip; <br /> <a class="read-more" href="http://websiegl.de/?page_id=59">Weiterlesen</a></p>
